, what is -977 + 1?
-976
In base 15, what is 97 - -12?
a9
In base 6, what is -5 + 0?
-5
In base 5, what is -11444 - -13?
-11431
In base 3, what is -112 - -110?
-2
In base 6, what is 34 + 5?
43
In base 5, what is 4 + 241102?
241111
In base 10, what is 3 + -61?
-58
In base 3, what is -222011 - 222?
-1000010
In base 4, what is 2 - -130?
132
In base 16, what is 91 + 2a?
bb
In base 8, what is 2 - 105?
-103
In base 13, what is -5 + -57?
-5c
In base 14, what is -296 + 5?
-291
In base 13, what is 33 + 5?
38
In base 6, what is 4145 - -15?
4204
In base 13, what is 20 - 22?
-2
In base 6, what is -355 + 2?
-353
In base 11, what is 3 + -a2?
-9a
In base 13, what is 3 - -2c7c?
2c82
In base 12, what is 2 - -26?
28
In base 5, what is -31 - 21?
-102
In base 12, what is 2 + -549?
-547
In base 14, what is 2a - -13?
3d
In base 15, what is -a + 3c2?
3b7
In base 14, what is -3 - -450?
44b
In base 4, what is 101 + -10?
31
In base 6, what is -2 - 55?
-101
In base 13, what is -2 - 240?
-242
In base 2, what is -10001011 + -1?
-10001100
In base 7, what is -5 - 1025?
-1033
In base 16, what is -76 - -5?
-71
In base 5, what is -103 + 10014?
4411
In base 4, what is 3 - -31320?
31323
In base 9, what is -33 + -176?
-220
In base 4, what is 231 + 201?
1032
In base 10, what is -2 + -192?
-194
In base 15, what is -30 + -2a?
-5a
In base 14, what is -29d8 + -4?
-29dc
In base 3, what is -1 + 20002112?
20002111
In base 10, what is -3 + -463?
-466
In base 10, what is 294 - 79?
215
In base 12, what is 2 - -74b?
751
In base 14, what is -1 + -3d?
-40
In base 6, what is 12 - 553?
-541
In base 8, what is 574 - 2?
572
In base 13, what is -7 - -4?
-3
In base 12, what is aa + 4?
b2
In base 6, what is -54 + 243?
145
In base 16, what is 1 - a5?
-a4
In base 4, what is -103110 - -2?
-103102
In base 2, what is 101110010 - -101?
101110111
In base 4, what is 2313 + -2?
2311
In base 5, what is -311 + 10?
-301
In base 10, what is 1416 - -7?
1423
In base 5, what is -33 + -2131?
-2214
In base 5, what is 0 + 430?
430
In base 16, what is -409 + -5?
-40e
In base 9, what is -3 + -10?
-13
In base 8, what is 4 + -72?
-66
In base 13, what is -34 - -3c?
8
In base 13, what is c + -2b6?
-2a7
In base 10, what is 2187 - -4?
2191
In base 12, what is -4 + 1089?
1085
In base 12, what is -1 - -2558?
2557
In base 8, what is -227 + -5?
-234
In base 6, what is -3 + 1225?
1222
In base 9, what is 1688 - -4?
1703
In base 2, what is 1011101 + -1?
1011100
In base 9, what is -7 + -1?
-8
In base 5, what is 302 + -14?
233
In base 10, what is 0 - -932?
932
In base 12, what is -1 - 195?
-196
In base 4, what is 222 - -33?
321
In base 11, what is -102 - -1?
-101
In base 3, what is 2 + 21012?
21021
In base 5, what is -3 - 124?
-132
In base 7, what is 1255 - -56?
1344
In base 4, what is 3222 - -12?
3300
In base 12, what is 976 + 6?
980
In base 8, what is 31 + -125?
-74
In base 5, what is -1100 - 122?
-1222
In base 5, what is -23 - 32?
-110
In base 12, what is 504 + 5?
509
In base 7, what is 0 + -124?
-124
In base 8, what is -1 - -45?
44
In base 13, what is 49 - 22?
27
In base 8, what is 5 + 133?
140
In base 8, what is 47 + 3?
52
In base 12, what is 49 - -5?
52
In base 8, what is 4 + 71?
75
In base 9, what is -45 - 3?
-48
In base 8, what is 142 + -10?
132
In base 13, what is -12 + 277?
265
In base 10, what is 11 - 33?
-22
In base 13, what is 18 + -25?
-a
In base 8, what is -10 - -245?
235
In base 14, what is -87 - -3?
-84
In base 11, what is -5 - -125?
120
In base 6, what is -14 + 2?
-12
In base 15, what is d + -5?
8
In base 12, what is 17 - 360?
-345
In base 2, what is 1111110 - -101000?
10100110
In base 15, what is -529 - 0?
-529
In base 5, what is -2421 + 4?
-2412
In base 7, what is 1050 - -35?
1115
In base 3, what is -1001 + 1121?
120
In base 5, what is 4 - 23?
-14
In base 5, what is -20 - -3040?
3020
In base 6, what is -5 - 2323?
-2332
In base 7, what is -52 - -3?
-46
In base 6, what is 5 + 342?
351
In base 3, what is -2100 - -10?
-2020
In base 7, what is -1 - -13141?
13140
In base 4, what is -33203 - 12?
-33221
In base 4, what is -10 - 2212?
-2222
In base 5, what is 23 + -3?
20
In base 12, what is 6 - 8?
-2
In base 2, what is -1100 - 1110100?
-10000000
In base 2, what is 100110010101 + 100?
100110011001
In base 4, what is -222 + -12?
-300
In base 9, what is -4 - -10?
5
In base 5, what is -131 - -4000?
3314
In base 12, what is 58b + -1?
58a
In base 15, what is -5 + -3c?
-42
In base 4, what is 2 + 11022?
11030
In base 12, what is 0 + a?
a
In base 7, what is -216 + 32?
-154
In base 6, what is -10320 + -3?
-10323
In base 13, what is -27a - -10?
-26a
In base 2, what is -1000 + 10011010?
10010010
In base 3, what is 1 - -21000?
21001
In base 10, what is 3 - -1231?
1234
In base 3, what is 12 - -110210?
110222
In base 14, what is 4 - -12?
16
In base 6, what is 45 - -122?
211
In base 3, what is -20 + -111?
-201
In base 11, what is -6 - -371?
366
In base 10, what is 4 + -106?
-102
In base 13, what is -67 - -3?
-64
In base 6, what is -4004 + -4?
-4012
In base 9, what is -17 + -16?
-34
In base 4, what is -11 - 202010?
-202021
In base 2, what is -10001 + -10001?
-100010
In base 11, what is 12a9 + -3?
12a6
In base 3, what is -100 - -2?
-21
In base 6, what is 0 - 15?
-15
In base 2, what is -1110 + 11110?
10000
In base 7, what is -20 + -43?
-63
In base 16, what is -9 - -1?
-8
In base 11, what is 2293 - 1?
2292
In base 13, what is -5 - 237?
-23c
In base 11, what is 1143 - -5?
1148
In base 9, what is -1 + 882?
881
In base 12, what is -aa - 70?
-15a
In base 12, what is 2 - -15?
17
In base 6, what is -2 - -25201?
25155
In base 2, what is 11 + -10011001?
-10010110
In base 7, what is 1102 - 5?
1064
In base 12, what is 277 - 3?
274
In base 13, what is -2 + 0?
-2
In base 16, what is 5c - 2?
5a
In base 9, what is -31 - -40?
8
In base 2, what is -11 - -11111011?
11111000
In base 5, what is -144 + -10?
-204
In base 4, what is 1222 + 11?
1233
In base 5, what is 120 - 13?
102
In base 15, what is 5 + -5a5?
-5a0
In base 4, what is 1230 + -102?
1122
In base 12, what is 3338 - -5?
3341
In base 5, what is 11 - -12?
23
In base 13, what is -aa + 54?
-56
In base 13, what is -1432 - 4?
-1436
In base 3, what is -10220 + -1?
-10221
In base 5, what is -10 + 103?
43
In base 4, what is 3 + -1211113?
-1211110
In base 2, what is 1 + 101?
110
In base 10, what is -150 - 2?
-152
In base 4, what is -333 + -11330?
-12323
In base 15, what is -c9 - 5?
-ce
In base 5, what is -3 + 2331?
2323
In base 3, what is 2 - 1200111?
-1200102
In base 13, what is -1 - -12b?
12a
In base 14, what is -5 + 1?
-4
In base 15, what is 416 - -6?
41c
In base 12, what is 78 + 1?
79
In base 7, what is -3 - -5462?
5456
In base 14, what is b - -18a?
197
In base 15, what is -1d - -a0?
82
In base 14, what is -34 + -3?
-37
In base 14, what is 52 + 7?
59
In base 13, what is 4 - -1222?
1226
In base 7, what is -42200 + 1?
-42166
In base 3, what is -20112 - 0?
-20112
In base 15, what is 19 - 89?
-70
In base 2, what is -10111011 - 110?
-11000001
In base 13, what is 2849 - -4?
2850
In base 2, what is 1000100100 - 101?
1000011111
In base 14, what is -2 - 2462?
-2464
In base 6, what is -3 - 25130?
-25133
In base 6, what is -1512 + 4?
-1504
In base 5, what is 1100 - 3?
1042
In base 16, what is -df + 19?
-c6
In base 16, what is -6d + a?
-63
In base 6, what is -4 + -312?
-320
In base 9, what is -3 - 2540?
-2543
In base 13, what is 1a + -5?
15
In base 13, what is -57 - 1?
-58
In base 4, what is -131023 - -20?
-131003
In base 6, what is -5435 + 5?
-5430
In base 12, what is 5 - 21a?
-215
In base 14, what is -576 + 7?
-56d
In base 15, what is -2 - -2?
0
In base 13, what is -54 - 14?
-68
In base 10, what is 5 - 111?
-106
In base 11, what is a + 27?
36
In base 15, what is -4 - -3a?
36
In base 14, what is 5 - -78?
7d
In base 9, what is -424 - -3?
-421
In base 15, what is 12 - -129?
13b
In base 7, what is 21 - -15?
36
In base 5, what is -4 + -232?
-241
In base 15, what is -3 - -b5?
b2
In base 14, what is -1b4 - -1?
-1b3
In base 6, what is -1005 - -55?
-510
In base 8, what is 110 - 2?
106
In base 4, what is 23 - -11?
100
In base 16, what is -2 + 99?
97
In base 2, what is 10000110 - -1?
10000111
In base 15, what is e - 5?
9
In base 14, what is -5c + -2b?
-89
In base 6, what is -141 + -12?
-153
In base 10, what is -7364 - 3?
-736